 11, what is -48 - -1847?
17aa
In base 13, what is -9aa + 69c?
-30b
In base 13, what is -129a68 + -c?
-129a77
In base 12, what is -41b1 - -1?
-41b0
In base 9, what is 21 - -166476?
166507
In base 8, what is 527 - 1531?
-1002
In base 14, what is c + 18b71?
18b7d
In base 10, what is 98566 + 0?
98566
In base 2, what is 10000111110000100011000 - -10?
10000111110000100011010
In base 16, what is ad53c + 1?
ad53d
In base 3, what is -11200 - -210111?
121211
In base 13, what is -5 - 9c43a?
-9c442
In base 6, what is 2 - 40042?
-40040
In base 5, what is 2233300 + -10?
2233240
In base 8, what is 4 + 106736?
106742
In base 9, what is -11328 + 64?
-11254
In base 16, what is 0 - -3a39d?
3a39d
In base 11, what is 30970 - -17?
30987
In base 9, what is -64027 - 17?
-64045
In base 14, what is -6b1bb + 1?
-6b1ba
In base 12, what is 4b7 - 179?
33a
In base 3, what is -102120 - -1101?
-101012
In base 11, what is -1 + 290067?
290066
In base 12, what is b5 - 33?
82
In base 4, what is 232102222 - 1?
232102221
In base 4, what is -32233 + -32120?
-131013
In base 6, what is 5 - 320011?
-320002
In base 12, what is 3a988 - 33?
3a955
In base 2, what is 1111000111001101 - -11?
1111000111010000
In base 10, what is -21 + -1268?
-1289
In base 6, what is 1 - 2345435?
-2345434
In base 3, what is 10 - -1021101022201?
1021101022211
In base 10, what is -1886 + 58?
-1828
In base 2, what is 11110 + -101101000?
-101001010
In base 3, what is -20102 - 1210?
-22012
In base 11, what is a187 - -58?
a234
In base 14, what is -29dc2 + -5?
-29dc7
In base 12, what is -4 - 549a?
-54a2
In base 3, what is 10 + -22201200201?
-22201200121
In base 9, what is 48107 + -6?
48101
In base 4, what is 11 - 11202331?
-11202320
In base 3, what is -2210112 - 120?
-2211002
In base 13, what is 4 + -1383?
-137c
In base 12, what is -10 - a355?
-a365
In base 15, what is -aa - 8cc?
-987
In base 4, what is -112 - 311201?
-311313
In base 3, what is -10002110210 + 11?
-10002110122
In base 12, what is 4 + -7758?
-7754
In base 4, what is 212 + -2013?
-1201
In base 8, what is 1155 - 0?
1155
In base 5, what is 1 + 140423101?
140423102
In base 16, what is 2950a7 + 3?
2950aa
In base 9, what is 2205 - 1?
2204
In base 9, what is -102 - -67075?
66873
In base 4, what is 22023 + -311?
21112
In base 4, what is 10223 + 13210?
30033
In base 3, what is -202102 + 1?
-202101
In base 7, what is -3116 - 546?
-3665
In base 16, what is -8 + -25c?
-264
In base 11, what is -118602 + -12?
-118614
In base 7, what is 1543 - -122?
1665
In base 8, what is -265052 + 0?
-265052
In base 5, what is 121130 - -2?
121132
In base 16, what is 1f + -38f?
-370
In base 3, what is -1021122222211 - 0?
-1021122222211
In base 11, what is 340a + 1027?
4436
In base 6, what is 1425 + -532?
453
In base 12, what is 60 + -321?
-281
In base 15, what is -12d - 13b?
-269
In base 6, what is 5 + -110225?
-110220
In base 14, what is 452 - -62?
4b4
In base 3, what is 220011 + -2?
220002
In base 13, what is 134 + 56c3?
5827
In base 16, what is -2dc - -6?
-2d6
In base 8, what is -3 + -42100?
-42103
In base 14, what is -a - 52915?
-52921
In base 9, what is -262357 - -2?
-262355
In base 3, what is -2102 - 1211?
-11020
In base 3, what is -102001101 + -1?
-102001102
In base 10, what is -1027 - 86?
-1113
In base 10, what is -4916 - 138?
-5054
In base 3, what is 221111222 - -10?
221112002
In base 3, what is 1211 - 1112202001?
-1112200020
In base 10, what is -56483 + 12?
-56471
In base 11, what is -205aa49 + -2?
-205aa50
In base 10, what is 216 + -132?
84
In base 10, what is 3 + -243423?
-243420
In base 9, what is 34600 + -53?
34536
In base 2, what is -1101111 - 1100100?
-11010011
In base 4, what is 103 - 31013?
-30310
In base 2, what is -10100 + 101001110000000?
101001101101100
In base 13, what is 14 - -420?
434
In base 13, what is 184 + ab8?
c6c
In base 14, what is a + -27a1?
-2795
In base 9, what is -74246 - 7?
-74254
In base 6, what is 3155455 - 1?
3155454
In base 3, what is -1 + -221210221002?
-221210221010
In base 10, what is 6241 + -121?
6120
In base 10, what is 1 + -69427?
-69426
In base 13, what is -3 - -aaa?
aa7
In base 6, what is -44202 - 3035?
-51241
In base 12, what is -4 + -b02?
-b06
In base 9, what is -370078 - 0?
-370078
In base 3, what is 12 - 212212202?
-212212120
In base 3, what is -112010012 + -200?
-112010212
In base 2, what is 0 + 1111110001011111111?
1111110001011111111
In base 10, what is 55129 + 83?
55212
In base 7, what is -14521 - -1?
-14520
In base 2, what is 1011001001 - -10111100011?
100010101100
In base 14, what is -39184 - a?
-39190
In base 14, what is 295 + -102?
193
In base 3, what is -2 - 21110010?
-21110012
In base 11, what is 2434 - -a?
2443
In base 4, what is -10302 + -132?
-11100
In base 12, what is -1636 - 3?
-1639
In base 3, what is -222001 - -122010?
-22221
In base 7, what is -222355 - 63?
-222451
In base 11, what is -12511 - 17?
-12528
In base 14, what is -4 - -2d7?
2d3
In base 12, what is 36105b - 7?
361054
In base 14, what is -cdb7 - -3?
-cdb4
In base 6, what is -4 - -115221?
115213
In base 16, what is b051a + 1?
b051b
In base 6, what is 11155 + -2242?
4513
In base 3, what is -10102211112212 + 11?
-10102211112201
In base 16, what is -100 + 7?
-f9
In base 4, what is -111132312 + 32?
-111132220
In base 12, what is 3 + -1a189?
-1a186
In base 7, what is -1663142 - 0?
-1663142
In base 10, what is 36 + -140?
-104
In base 15, what is -4b8 - 1a8?
-671
In base 12, what is 59 + b487?
b524
In base 15, what is -11a1 + -2c?
-11cd
In base 9, what is -227 + -848?
-1176
In base 7, what is -126536 - 30?
-126566
In base 9, what is -17637 + -6?
-17644
In base 9, what is -312 - 2024?
-2336
In base 2, what is 1000010 + 111001011111010?
111001100111100
In base 9, what is 667 + 62?
740
In base 16, what is 18 - -138?
150
In base 5, what is -2 + 1243110?
1243103
In base 9, what is -537564 - 0?
-537564
In base 4, what is -3203 - 100032?
-103301
In base 2, what is 11010 + 110000100101?
110000111111
In base 10, what is 20 - 31782?
-31762
In base 9, what is 18 - 18080?
-18061
In base 4, what is -1002001301 + 11?
-1002001230
In base 3, what is 1 + 2011122112?
2011122120
In base 15, what is 19b + e?
1aa
In base 2, what is 1 + -10001111111101100?
-10001111111101011
In base 9, what is -4717 - 567?
-5385
In base 13, what is -14a7 + -13?
-14ba
In base 14, what is b + -d2b?
-d20
In base 5, what is -11041434 + -1?
-11041440
In base 2, what is -10 + 11011100100011?
11011100100001
In base 11, what is 1a8 - 1a21?
-1824
In base 13, what is -74 + -323?
-397
In base 16, what is -13 + -151e?
-1531
In base 14, what is 567 - 56?
511
In base 12, what is 8 + -8168?
-8160
In base 6, what is -13023 - 1323?
-14350
In base 11, what is 6 + -a376?
-a370
In base 11, what is -1712 - 173?
-1885
In base 12, what is -2 - 3a80b?
-3a811
In base 14, what is -4 + 38382?
3837c
In base 14, what is 1dbaa - -1?
1dbab
In base 7, what is 123 + 355020?
355143
In base 5, what is 4 - 122312332?
-122312323
In base 8, what is -23400063 - 2?
-23400065
In base 2, what is 111110100 + 10010100100?
11010011000
In base 10, what is 1 + -3493?
-3492
In base 9, what is 10 - -444574?
444584
In base 15, what is -287e9 - -29?
-287c0
In base 8, what is -5 - 332566?
-332573
In base 13, what is -27 + 188?
161
In base 9, what is -1 + 536218?
536217
In base 3, what is -111201 + -2201?
-121102
In base 7, what is -3 + -106432?
-106435
In base 8, what is -1436 - 23?
-1461
In base 9, what is -1235 + -8?
-1244
In base 12, what is 4425b - 2?
44259
In base 8, what is 11226 + 7?
11235
In base 11, what is 7a + 2594?
2663
In base 14, what is 91ad - 3?
91aa
In base 12, what is -1358 + 6b?
-12a9
In base 8, what is -74642 - -1?
-74641
In base 8, what is 70 - 115?
-25
In base 12, what is -20 + 6704?
66a4
In base 14, what is -8 - 56cc9?
-56cd3
In base 16, what is 11b07 + d?
11b14
In base 4, what is -31 + 110330233?
110330202
In base 3, what is -20 - 100011210011?
-100011210101
In base 14, what is 1c + 1d33?
1d51
In base 4, what is 10313 - 2113?
2200
In base 16, what is 84e3 - -5?
84e8
In base 16, what is e8f4 - 4?
e8f0
In base 12, what is -4b0 + 4?
-4a8
In base 3, what is 22222 + 111111?
211110
In base 11, what is -181829 + 1?
-181828
In base 8, what is 3427 + -362?
3045
In base 11, what is -2577 + 109?
-2469
In base 11, what is -9a848 + 2?